*n + 8 = 0, -2*v - 4*n + 5115 - 849 = 0. What is the remainder when v is divided by 63?
62
Let a(h) = h**3 + 6*h**2 - 13. Calculate the remainder when 45 is divided by a(-2).
0
Let r be 1/((2/6)/1). Suppose r*y = 4*y + 4*d - 19, -5*y + 141 = -3*d. Suppose l + 1 - 8 = 0. What is the remainder when y is divided by l?
6
Let o be ((-9)/(-12))/((-3)/(-8)). Suppose 3*p + 0*p + 17 = o*c, p = 4*c - 29. What is the remainder when 26 is divided by c?
5
Let o = -1279 + 1357. What is the remainder when 1168 is divided by o?
76
Let g(y) = -y**2 - 18*y - 22. Let b be g(-22). Let u = b + 153. Calculate the remainder when u is divided by 17.
9
Let v be -2*((-117)/(-6))/(-1). Suppose 4*z = 25 + v. What is the remainder when 25 is divided by z?
9
Suppose 6*t - 3*t = 5*u + 132, -u + 75 = 2*t. Let g be 6/(-1)*(-7)/2. Let y = t + g. What is the remainder when y is divided by 22?
16
Let b be (-2 + 0)*1 - -8. Let q(k) = k**3 - 5*k**2 + 5*k + 21. What is the remainder when q(b) is divided by 18?
15
Suppose -328 = 5*s + 107. Let i = -49 - s. Let h = i - 34. Calculate the remainder when 10 is divided by h.
2
Let a = 1750 + -1664. Calculate the remainder when a is divided by 5.
1
Suppose 69 = -7*v + 104. Calculate the remainder when 22 is divided by v.
2
Suppose 0 = 5*j - 3*w - 159, 0 = 4*w + 33 - 21. What is the remainder when 83 is divided by j?
23
Let w be (-6)/9 - (-38)/(-6). Let o = -108 - -100. Let x = w - o. What is the remainder when x is divided by 1?
0
Let j = -13 - -16. Suppose -j*h + 2*a + 146 = -56, 4*h = 4*a + 268. What is the remainder when h is divided by 23?
22
Let x be (7*-1)/(3/(-24)). Let k(q) = -13*q - 3. Let m be k(-8). Let u = m - x. Calculate the remainder when u is divided by 16.
13
Suppose 6*u - 637 = -127. Suppose 6*b - 473 = u. What is the remainder when b is divided by 32?
29
Suppose -246*k + 95 = 3*u - 242*k, 4*u = -4*k + 128. Calculate the remainder when 157 is divided by u.
25
What is the remainder when (-36 - -123) + (3 - 2) is divided by 37?
14
Let m = -2 - -4. Suppose -s - 2*k + 16 = -4*k, 0 = -5*s - 3*k + 28. What is the remainder when s is divided by m?
0
Suppose 0 = -81*y + 84*y - 90. Let b be 4/(-26) + (-3336)/(-52). Suppose 4*h - b = -0*h. What is the remainder when y is divided by h?
14
Suppose 4*w + 4*v - 4 = 0, 0 = 2*w - 2*v + 6*v - 4. Calculate the remainder when 88 is divided by -4 - 2/(w + 2/(-13)).
7
Let u = -1641 + 2130. Calculate the remainder when u is divided by 4.
1
Let x(q) = -20*q + 4. Calculate the remainder when 83 is divided by x(-1).
11
Let i be -5*(-4)/10 - -2. Calculate the remainder when i + -2 + (50 - 0) is divided by 27.
25
Let s(n) = -2 - 7 - 6 - 3*n. Let q be s(-10). Let x = q + 4. What is the remainder when 37 is divided by x?
18
Let t(y) = 3*y**2 - 9*y - 10. Let g be t(6). Suppose -v - 3*d + 0*d = -5, 0 = 4*v + 4*d - g. Let l = -20 - -46. What is the remainder when l is divided by v?
12
Suppose 43*t - 128 = -37*t + 16*t. Let r(l) = l**2 - l + 2. What is the remainder when r(-2) is divided by t?
0
Suppose -2*j + 14 = -18. What is the remainder when 297/6 - (-1)/2 is divided by 3/12 - (-204)/j?
11
Let b = -157 + 251. What is the remainder when b is divided by 19?
18
Suppose -2*q = 2*d - 8, -2*d + 2 = -2. Calculate the remainder when (-2)/2*-37*2/q is divided by 13.
11
Let x = 630 - 604. What is the remainder when 180 is divided by x?
24
Suppose -3*o = 4*l - 65, 0*l - 70 = -3*l + 2*o. Let v(x) = -24*x - 41. What is the remainder when v(-5) is divided by l?
19
Let v(q) = -q**3 - 12*q**2 - 16*q - 41. Suppose y - 5*y - 49 = m, 48 = -3*y - 3*m. What is the remainder when 35 is divided by v(y)?
7
Let m = -925 - -929. Suppose f - 10 = -2. Calculate the remainder when f is divided by m.
0
Let k = 144 - 140. Calculate the remainder when 19 is divided by k.
3
Let s(a) = 21*a**3 - 2*a**2 + 7*a - 6. What is the remainder when s(1) is divided by ((-16)/(-6))/((-2)/(-6))?
4
Let h(v) = v + 59. Let g(f) = f**2. Let m(i) = g(i) + h(i). What is the remainder when m(0) is divided by 20?
19
Let r = -108 + 73. Let v = r - -36. What is the remainder when 1 is divided by v?
0
Suppose 5*n - o = 814, -o = -6*o + 5. Calculate the remainder when n is divided by 55.
53
What is the remainder when 46 is divided by (-220)/(-16) - -5 - 2/(-8)?
8
Let k = -11 + 145. What is the remainder when k is divided by 45?
44
Let b(j) = 7*j**2 - 8*j - 13. Calculate the remainder when b(5) is divided by 14.
10
Let y(d) = 9*d + 45. What is the remainder when y(6) is divided by 30?
9
Let d(s) be the first derivative of s**5/20 - s**4/8 - s**3/3 - 3. Let a(o) be the third derivative of d(o). Calculate the remainder when 26 is divided by a(2).
8
Let h(o) = 3*o**2 + 12*o - 148. Calculate the remainder when 283 is divided by h(6).
27
Let d(n) = 17*n + 139. Calculate the remainder when 60 is divided by d(-7).
0
Suppose 3*o - 8 = 7*o. Suppose i + 128 = 5*i. What is the remainder when (305/(-10) + -1)*o is divided by i?
31
Suppose -2*h + h + 3 = 4*v, 5*v = -2*h. Suppose y + 4*y = v*d + 102, 3*y - 74 = -2*d. Suppose -3*m + 21 = -0*m. Calculate the remainder when y is divided by m.
1
Suppose -2145 = -58*l + 25*l. Calculate the remainder when l is divided by 13.
0
Let z(o) = o**2. Let c(x) = x**3 + 12*x**2 + x + 11. Let a be c(-12). Let g be z(a). Let y = g + 2. What is the remainder when 4 is divided by y?
1
Suppose 0 = x - 2*x - 14. Suppose -5*w = 4*t - 90, 2*t + 31 = 3*t - 3*w. What is the remainder when t is divided by x*(4 + (-27)/6)?
4
Let t(o) = o**2 + 6*o - 123. What is the remainder when 165 is divided by t(-16)?
17
What is the remainder when (-6)/(-2) - (-15 - 118 - -4) is divided by 15?
12
Calculate the remainder when 16/((-5)/(-45)*6) is divided by 3*((-14)/(-6))/1.
3
Let z = -47 + 35. Let r = 20 + z. Calculate the remainder when 38 is divided by r.
6
Let k(o) = -4*o + 7. Let y be k(-7). Suppose -2*l + y = -49. Calculate the remainder when l is divided by 9.
6
Suppose 5*h - 56 + 12 = -3*p, -2*p = -3*h - 61. Let w = 39 + -27. What is the remainder when p is divided by w?
11
Let o be 2128/42*(-27)/(-4). Let y be 4/(-3)*o/(-12). Suppose y + 26 = 8*l. What is the remainder when 55 is divided by l?
7
Suppose 7*t - 40 = 16. What is the remainder when 14 is divided by t?
6
Let g(r) = -r**2 - 46*r - 104. What is the remainder when g(-20) is divided by 38?
36
Let a = -9 - 1. Let c(j) be the second derivative of -j**4/6 - 7*j**3/2 + j**2 + 152*j - 2. What is the remainder when 44 is divided by c(a)?
8
Suppose -550 = -2*q - 2*l, 0 = -5*q + 4*l + 1017 + 349. What is the remainder when q is divided by 25?
24
Let c(t) be the first derivative of -t**3/3 - 5*t**2 + t - 17. Calculate the remainder when c(-6) is divided by 9.
7
Let o = 758 - 325. Calculate the remainder when o is divided by 87.
85
Let y(w) = -2*w**2 + 11*w - 7. Let s(t) = t**3 - 7*t**2 - 6*t - 7. Let n be s(8). Let r be y(n). Let v = r + 98. What is the remainder when 83 is divided by v?
27
Suppose -3*j - y = -12, 5*y = -3*j - 0*j + 12. Suppose 745 = j*w + 241. What is the remainder when w is divided by 43?
40
Suppose 0 = -4*o - 4*w + 60, -5*w - 42 - 83 = -5*o. Let x = 40 + o. Calculate the remainder when x is divided by 21.
18
Let h = -140 - -160. What is the remainder when 270 is divided by h?
10
Let x = 6 - 1. Suppose z - 2*m - 138 = -3*z, -171 = -x*z + 4*m. What is the remainder when z*-1*(-9)/5 is divided by 22?
19
Let l(x) = 17*x**2 - 4*x - 3. Let r = 77 + -42. Calculate the remainder when r is divided by l(-1).
17
Let x(f) = f**3 - 2*f + 13. Suppose -12 = -0*y + 3*y, -2*r - 3*y = 12. Calculate the remainder when 30 is divided by x(r).
4
Let u = -7 - -22. Suppose -16 - 44 = -4*t. Suppose 0 = -5*z + 5 + t. Calculate the remainder when u is divided by z.
3
Let k(q) = 2*q**3 + 23*q**2 + 9*q - 3. Calculate the remainder when 702 is divided by k(-11).
18
Let s = 1 + 59. Let l = -44 + s. Calculate the remainder when l is divided by 11.
5
Suppose -2*o = 3*o - 10. Suppose -h - 5*z = -2*z - 19, -o*z = 2*h - 22. Suppose -11 = -4*f - 3. What is the remainder when h is divided by f?
1
Let p = -38 + 99. Suppose 126 = 4*z - 2*h, -p = -3*z + z - h. Suppose 3*g - z = -3*t + 5*t, 3*g - 23 = -2*t. Calculate the remainder when 15 is divided by g.
6
Let s = -106 - -134. What is the remainder when s is divided b